at is 102 (base 3) in base 8?
13
Convert -310 (base 8) to base 9.
-242
What is 10 (base 10) in base 7?
13
What is -1a3 (base 11) in base 3?
-22200
What is 0 (base 8) in base 7?
0
-101101 (base 2) to base 9
-50
-9 (base 15) to base 10
-9
-5 (base 12) to base 6
-5
Convert -71 (base 16) to base 4.
-1301
-5 (base 6) to base 8
-5
What is 6 (base 16) in base 11?
6
Convert -1 (base 4) to base 11.
-1
-3 (base 16) to base 4
-3
210 (base 5) to base 6
131
What is 1c (base 15) in base 7?
36
13 (base 4) to base 3
21
What is -12 (base 7) in base 5?
-14
Convert 20 (base 3) to base 14.
6
What is 2 (base 15) in base 16?
2
-120 (base 3) to base 7
-21
What is 0 (base 13) in base 12?
0
-26 (base 12) to base 2
-11110
-38 (base 14) to base 4
-302
What is -10 (base 15) in base 4?
-33
Convert -12 (base 13) to base 2.
-1111
6 (base 11) to base 15
6
26 (base 16) to base 8
46
0 (base 10) to base 6
0
Convert -12 (base 12) to base 7.
-20
Convert -23 (base 8) to base 15.
-14
Convert -1132 (base 4) to base 15.
-64
Convert -1 (base 10) to base 13.
-1
Convert 1 (base 7) to base 10.
1
1013 (base 4) to base 16
47
Convert -13 (base 4) to base 15.
-7
What is 101010 (base 2) in base 6?
110
Convert 141 (base 9) to base 8.
166
What is -1 (base 16) in base 8?
-1
What is 1 (base 7) in base 8?
1
What is 11 (base 12) in base 9?
14
-23 (base 4) to base 14
-b
Convert 22 (base 7) to base 6.
24
What is -9 (base 13) in base 3?
-100
34 (base 15) to base 8
61
What is -24 (base 7) in base 14?
-14
What is -101100 (base 2) in base 9?
-48
What is -4 (base 8) in base 3?
-11
c (base 15) to base 8
14
What is 2 (base 13) in base 16?
2
What is d (base 14) in base 10?
13
What is -237 (base 11) in base 16?
-11a
-256 (base 8) to base 4
-2232
What is -4 (base 6) in base 12?
-4
-2 (base 8) to base 5
-2
Convert -104 (base 7) to base 2.
-110101
0 (base 4) to base 14
0
-7b (base 12) to base 16
-5f
Convert 5c (base 14) to base 5.
312
What is -89 (base 15) in base 7?
-243
What is 2 (base 7) in base 3?
2
-3 (base 9) to base 2
-11
Convert 34 (base 6) to base 3.
211
-2 (base 9) to base 11
-2
What is 28 (base 10) in base 11?
26
What is 2 (base 5) in base 3?
2
What is -8 (base 13) in base 15?
-8
Convert -c (base 15) to base 7.
-15
Convert -4 (base 6) to base 12.
-4
Convert -6 (base 11) to base 14.
-6
Convert -44 (base 11) to base 16.
-30
Convert -79 (base 11) to base 2.
-1010110
-1 (base 14) to base 2
-1
Convert -3 (base 6) to base 13.
-3
What is -43 (base 7) in base 9?
-34
What is 1 (base 10) in base 15?
1
Convert -4 (base 16) to base 8.
-4
Convert 9 (base 13) to base 5.
14
10 (base 16) to base 14
12
Convert 1c (base 14) to base 10.
26
Convert -20112 (base 3) to base 15.
-bb
What is 5 (base 6) in base 7?
5
Convert -6 (base 13) to base 3.
-20
Convert 5 (base 11) to base 10.
5
321 (base 6) to base 7
232
Convert -6 (base 14) to base 15.
-6
69 (base 12) to base 5
311
-11011111 (base 2) to base 6
-1011
-1 (base 4) to base 2
-1
-73 (base 9) to base 13
-51
What is 0 (base 8) in base 2?
0
Convert 20 (base 3) to base 7.
6
22 (base 13) to base 8
34
Convert -10a (base 12) to base 7.
-310
Convert -48 (base 10) to base 8.
-60
What is -2 (base 10) in base 11?
-2
220 (base 3) to base 10
24
What is 0 (base 9) in base 2?
0
Convert 2a (base 13) to base 2.
100100
3 (base 10) to base 8
3
Convert -1 (base 7) to base 5.
-1
Convert 6 (base 10) to base 8.
6
Convert 3 (base 6) to base 9.
3
Convert 100000 (base 2) to base 11.
2a
121 (base 11) to base 16
90
-118 (base 12) to base 4
-2210
-1 (base 10) to base 3
-1
Convert -11 (base 7) to base 9.
-8
-100 (base 7) to base 11
-45
Convert -211 (base 7) to base 5.
-411
What is -103 (base 4) in base 14?
-15
-101 (base 2) to base 14
-5
12 (base 10) to base 2
1100
Convert 203 (base 4) to base 14.
27
16 (base 12) to base 5
33
What is 8 (base 14) in base 13?
8
Convert 1201 (base 4) to base 7.
166
-6 (base 11) to base 7
-6
Convert -3213 (base 4) to base 13.
-14a
Convert 433 (base 5) to base 3.
11101
What is -1 (base 8) in base 12?
-1
214 (base 6) to base 7
145
-22021 (base 3) to base 12
-167
Convert 3 (base 8) to base 13.
3
-b5 (base 12) to base 5
-1022
-11 (base 4) to base 14
-5
-2 (base 5) to base 8
-2
2443 (base 5) to base 10
373
What is 5 (base 15) in base 5?
10
Convert -1230 (base 5) to base 7.
-361
10 (base 8) to base 2
1000
What is -110100 (base 2) in base 5?
-202
What is a2 (base 16) in base 4?
2202
-3 (base 11) to base 10
-3
What is 2 (base 11) in base 9?
2
What is -14 (base 6) in base 7?
-13
What is -134 (base 8) in base 12?
-78
-101111 (base 2) to base 4
-233
What is -1 (base 12) in base 8?
-1
Convert -2 (base 12) to base 4.
-2
1 (base 6) to base 2
1
1110 (base 4) to base 8
124
What is 51 (base 13) in base 2?
1000010
What is 2 (base 4) in base 15?
2
-1001001 (base 2) to base 9
-81
36 (base 7) to base 3
1000
Convert 4 (base 7) to base 9.
4
Convert -1000110 (base 2) to base 11.
-64
Convert -221 (base 3) to base 2.
-11001
5 (base 6) to base 2
101
-1001100 (base 2) to base 6
-204
What is -111 (base 4) in base 12?
-19
47 (base 9) to base 10
43
Convert -14 (base 9) to base 2.
-1101
What is 26 (base 10) in base 15?
1b
15 (base 6) to base 7
14
-312 (base 6) to base 15
-7b
6 (base 15) to base 11
6
-9 (base 15) to base 12
-9
4 (base 6) to base 9
4
Convert -3 (base 5) to base 10.
-3
Convert -1 (base 14) to base 3.
-1
Convert 14 (base 5) to base 11.
9
What is -5 (base 8) in base 14?
-5
What is -22 (base 8) in base 7?
-24
What is 48 (base 11) in base 9?
57
What is 343 (base 5) in base 13?
77
-1101 (base 5) to base 7
-304
Convert -179 (base 12) to base 7.
-456
What is 6 (base 13) in base 3?
20
Convert 26 (base 8) to base 13.
19
Convert -100 (base 6) to base 12.
-30
What is 1a (base 13) in base 10?
23
What is -22 (base 15) in base 6?
-52
-211 (base 3) to base 16
-16
28 (base 10) to base 14
20
What is -5 (base 10) in base 16?
-5
Convert 222 (base 5) to base 9.
68
1222 (base 3) to base 15
38
77 (base 9) to base 11
64
What is 12 (base 6) in base 9?
8
What is -4 (base 16) in base 13?
-4
8 (base 9) to base 11
8
-3 (base 4) to base 16
-3
-84 (base 16) to base 5
-1012
Convert -23 (base 4) to base 2.
-1011
What is 60 (base 13) in base 3?
2220
-10 (base 6) to base 16
-6
170 (base 9) to base 3
12100
What is -12d (base 15) in base 14?
-152
What is -1 (base 7) in base 4?
-1
-1 (base 2) to base 12
-1
-11 (base 5) to base 14
-6
Convert -1a (base 15) to base 5.
-100
Convert -6 (base 15) to base 14.
-6
What is 0 (base 8) in base 12?
0
-1011 (base 2) to base 15
-b
Convert -48 (base 10) to base 9.
-53
131 (base 5) to base 10
41
What is 0 (base 9) in base 6?
0
-11110110 (base 2) to base 4
-3312
Convert -1 (base 13) to base 9.
-1
2 (base 4) to base 2
10
What is -2312 (base 4) in base 14?
-d0
What is 108 (base 10) in base 6?
300
Convert 1101 (base 2) to base 10.
13
-5 (base 16) to base 4
-11
What is 13 (base 7) in base 8?
12
-2133 (base 4) to base 3
-12220
23 (base 6) to base 2
1111
What is -4 (base 7) in base 16?
-4
What is -14 (base 7) in base 15?
-b
What is -101 (base 2) in base 8?
-5
Convert -5 (base 13) to base 8.
-5
-8 (base 11) to base 7
-11
-5 (base 13) to base 12
-5
What is -a (base 15) in base 13?
-a
What is -111 (base 2) in base 9?
-7
Convert 254 (base 7) to base 9.
162
Convert -251 (base 7) to base 6.
-342
Convert 11 (base 9) to base 7.
13
-11 (base 2) to base 8
-3
What is -1 (base 12) in base 3?
-1
Convert -9 (base 16) to base 7.
-12
0 (base 8) to base 13
0
5 (base 9) to base 11
5
What is -2 (base 15) in base 16?
-2
c (base 15) to base 16
c
What is -122 (base 7) in base 4?
-1001
What is 10001 (base 2) in base 12?
15
What is -23 (base 15) in base 4?
-201
22 (base 4) to base 15
a
2003 (base 5) to base 7
511
What is -16 (base 16) in base 10?
-22
What is 121 (base 5) in base 6?
100
-4 (base 8) to base 2
-100
Convert -d (base 15) to base 14.
-d
-b0 (base 15) to base 11
-140
-3 (base 15) to base 8
-3
What is -23 (base 14) in base 2?
-11111
What is -10 (base 3) in base 8?
-3
64 (base 7) to base 13
37
What is 24 (base 5) in base 6?
22
Convert 49 (base 12) to base 2.
111001
Convert -213 (base 10) to base 7.
-423
What is -38 (base 13) in base 11?
-43
-22 (base 7) to base 6
-24
-b (base 16) to base 12
-b
What is -1 (base 8) in base 5?
-1
3 (base 14) to base 15
3
Convert -187 (base 11) to base 9.
-260
b (base 13) to base 1